{"id":563,"date":"2018-08-31T11:02:00","date_gmt":"2018-08-31T09:02:00","guid":{"rendered":"http:\/\/kc-glarus.ch\/?page_id=563"},"modified":"2018-09-17T11:33:10","modified_gmt":"2018-09-17T09:33:10","slug":"kontakt-2","status":"publish","type":"page","link":"https:\/\/kc-glarus.ch\/?page_id=563","title":{"rendered":"Kontakt"},"content":{"rendered":"<p>Ansprechpartner f\u00fcr Karate und Kickboxen:<\/p>\n<p>Daniel Rimann<\/p>\n<p>079 421 14 06<\/p>\n<div class=\"wpforms-container wpforms-container-full\" id=\"wpforms-566\"><form id=\"wpforms-form-566\" class=\"wpforms-validate wpforms-form\" data-formid=\"566\" method=\"post\" enctype=\"multipart\/form-data\" action=\"\/index.php?rest_route=%2Fwp%2Fv2%2Fpages%2F563\" data-token=\"485964755821d7bcec2fbf69bf48253e\" data-token-time=\"1788246595\"><noscript class=\"wpforms-error-noscript\">Bitte aktiviere JavaScript in deinem Browser, um dieses Formular fertigzustellen.<\/noscript><div class=\"wpforms-field-container\"><div id=\"wpforms-566-field_0-container\" class=\"wpforms-field wpforms-field-name\" data-field-id=\"0\"><label class=\"wpforms-field-label\">Name <span class=\"wpforms-required-label\">*<\/span><\/label><div class=\"wpforms-field-row wpforms-field-medium\"><div class=\"wpforms-field-row-block wpforms-first wpforms-one-half\"><input type=\"text\" id=\"wpforms-566-field_0\" class=\"wpforms-field-name-first wpforms-field-required\" name=\"wpforms[fields][0][first]\" required><label for=\"wpforms-566-field_0\" class=\"wpforms-field-sublabel after\">Vorname<\/label><\/div><div class=\"wpforms-field-row-block wpforms-one-half\"><input type=\"text\" id=\"wpforms-566-field_0-last\" class=\"wpforms-field-name-last wpforms-field-required\" name=\"wpforms[fields][0][last]\" required><label for=\"wpforms-566-field_0-last\" class=\"wpforms-field-sublabel after\">Nachname<\/label><\/div><\/div><\/div><div id=\"wpforms-566-field_1-container\" class=\"wpforms-field wpforms-field-email\" data-field-id=\"1\"><label class=\"wpforms-field-label\" for=\"wpforms-566-field_1\">E-Mail-Adresse <span class=\"wpforms-required-label\">*<\/span><\/label><input type=\"email\" id=\"wpforms-566-field_1\" class=\"wpforms-field-medium wpforms-field-required\" name=\"wpforms[fields][1]\" spellcheck=\"false\" required><\/div><div id=\"wpforms-566-field_2-container\" class=\"wpforms-field wpforms-field-textarea\" data-field-id=\"2\"><label class=\"wpforms-field-label\" for=\"wpforms-566-field_2\">Kommentar oder Nachricht <span class=\"wpforms-required-label\">*<\/span><\/label><textarea id=\"wpforms-566-field_2\" class=\"wpforms-field-medium wpforms-field-required\" name=\"wpforms[fields][2]\" required><\/textarea><\/div><\/div><!-- .wpforms-field-container --><div class=\"wpforms-field wpforms-field-hp\"><label for=\"wpforms-566-field-hp\" class=\"wpforms-field-label\">Phone<\/label><input type=\"text\" name=\"wpforms[hp]\" id=\"wpforms-566-field-hp\" class=\"wpforms-field-medium\"><\/div><div class=\"wpforms-submit-container\" ><input type=\"hidden\" name=\"wpforms[id]\" value=\"566\"><input type=\"hidden\" name=\"page_title\" value=\"\"><input type=\"hidden\" name=\"page_url\" value=\"https:\/\/kc-glarus.ch\/index.php?rest_route=\/wp\/v2\/pages\/563\"><input type=\"hidden\" name=\"url_referer\" value=\"\"><button type=\"submit\" name=\"wpforms[submit]\" id=\"wpforms-submit-566\" class=\"wpforms-submit\" data-alt-text=\"Sende...\" data-submit-text=\"Senden\" aria-live=\"assertive\" value=\"wpforms-submit\">Senden<\/button><\/div><\/form><\/div>  <!-- .wpforms-container -->\n","protected":false},"excerpt":{"rendered":"<p>Ansprechpartner f\u00fcr Karate und Kickboxen: Daniel Rimann 079 421 14 06<\/p>\n","protected":false},"author":3,"featured_media":0,"parent":0,"menu_order":0,"comment_status":"closed","ping_status":"closed","template":"","meta":{"_acf_changed":false,"advgb_blocks_editor_width":"","advgb_blocks_columns_visual_guide":"","ghostkit_customizer_options":"","ghostkit_custom_css":"","ghostkit_custom_js_head":"","ghostkit_custom_js_foot":"","ghostkit_typography":"","ngg_post_thumbnail":0,"footnotes":""},"class_list":["post-563","page","type-page","status-publish","hentry"],"acf":[],"featured_image_urls_v2":{"full":"","thumbnail":"","medium":"","medium_large":"","large":"","1536x1536":"","2048x2048":"","ab-block-post-grid-landscape":"","ab-block-post-grid-square":"","thumb-small":"","thumb-standard":"","thumb-medium":"","thumb-large":"","thumb-xlarge":"","thumb-xxlarge":"","thumb-large-no-crop":"","thumb-medium-no-crop":"","thumb-standard-no-crop":""},"post_excerpt_stackable_v2":"<p>Ansprechpartner f\u00fcr Karate und Kickboxen: Daniel Rimann 079 421 14 06 Bitte aktiviere JavaScript in deinem Browser, um dieses Formular fertigzustellen.Name *VornameNachnameE-Mail-Adresse *Kommentar oder Nachricht *MessageSenden<\/p>\n","category_list_v2":"","author_info_v2":{"name":"Gabriel Rimann","url":"https:\/\/kc-glarus.ch\/?author=3"},"comments_num_v2":"0 comments","featured_image_src":null,"featured_image_src_square":null,"coauthors":[],"author_meta":{"author_link":"https:\/\/kc-glarus.ch\/?author=3","display_name":"Gabriel Rimann"},"relative_dates":{"created":"Ver\u00f6ffentlicht 8\u00a0Jahren vor","modified":"Aktualisiert 8\u00a0Jahren vor"},"absolute_dates":{"created":"Ver\u00f6ffentlicht am August 31, 2018","modified":"Aktualisiert am September 17, 2018"},"absolute_dates_time":{"created":"Ver\u00f6ffentlicht am August 31, 2018 11:02 a.m.","modified":"Aktualisiert am September 17, 2018 11:33 a.m."},"featured_img_caption":"","featured_img":false,"series_order":"","jetpack_sharing_enabled":true,"jetpack_shortlink":"https:\/\/wp.me\/P76nP4-95","jetpack-related-posts":[{"id":84,"url":"https:\/\/kc-glarus.ch\/?page_id=84","url_meta":{"origin":563,"position":0},"title":"Kickboxing","author":"Gabriel Rimann","date":"Juli 22, 2012","format":false,"excerpt":"Kickboxing Ansprechpartner f\u00fcr Karate und Kickboxen: Daniel Rimann 079 421 14 06 Wir bieten Dienstag und Freitag jeweils um 19.00 Trainings im Lokal der Karateschule Glarus Das Kickboxgym ist eine selbstst\u00e4ndige Schule,\u00a0 welche in den Lokalit\u00e4ten des KC-Glarus eingemietet ist. \u00a0","rel":"","context":"\u00c4hnlicher Beitrag","block_context":{"text":"\u00c4hnlicher Beitrag","link":""},"img":{"alt_text":"kickboxing","src":"https:\/\/i0.wp.com\/kc-glarus.ch\/wp-content\/uploads\/2012\/07\/kickboxing.jpg?resize=350%2C200","width":350,"height":200},"classes":[]},{"id":16,"url":"https:\/\/kc-glarus.ch\/?page_id=16","url_meta":{"origin":563,"position":1},"title":"Unser Trainerteam","author":"Gabriel Rimann","date":"Juli 22, 2012","format":false,"excerpt":"Das Trainerteam Daniel Rimann 2.Dan Kobudo,2.Dan Karate,Trainerdiplom 1 SKV,J+S Leiter ,Leiter L+S Kids Rimann Gabriel Leistungssporttrainer SKF,\u00a0 Swissolympic Trainer, J+S Experte Andrea Andersen-Zentner 1.Dan Karate,J+S-Leiter \u00a0 \u00a0","rel":"","context":"\u00c4hnlicher Beitrag","block_context":{"text":"\u00c4hnlicher Beitrag","link":""},"img":{"alt_text":"dani_neu","src":"https:\/\/i0.wp.com\/kc-glarus.ch\/wp-content\/uploads\/2012\/07\/dani_neu.jpg?resize=350%2C200","width":350,"height":200},"classes":[]},{"id":399,"url":"https:\/\/kc-glarus.ch\/?page_id=399","url_meta":{"origin":563,"position":2},"title":"Karate f\u00fcr Kids","author":"Gabriel Rimann","date":"September 2, 2015","format":false,"excerpt":"","rel":"","context":"\u00c4hnlicher Beitrag","block_context":{"text":"\u00c4hnlicher Beitrag","link":""},"img":{"alt_text":"","src":"","width":0,"height":0},"classes":[]},{"id":66,"url":"https:\/\/kc-glarus.ch\/?page_id=66","url_meta":{"origin":563,"position":3},"title":"Kontakt","author":"Gabriel Rimann","date":"Juli 22, 2012","format":false,"excerpt":"[form form-1] \u00a0 Daniel Rimann Diplomtrainer","rel":"","context":"\u00c4hnlicher Beitrag","block_context":{"text":"\u00c4hnlicher Beitrag","link":""},"img":{"alt_text":"dani_neu","src":"https:\/\/i0.wp.com\/kc-glarus.ch\/wp-content\/uploads\/2012\/07\/dani_neu.jpg?resize=350%2C200","width":350,"height":200},"classes":[]},{"id":163,"url":"https:\/\/kc-glarus.ch\/?page_id=163","url_meta":{"origin":563,"position":4},"title":"Kosten Karate","author":"Gabriel Rimann","date":"Januar 21, 2013","format":false,"excerpt":"Mitgliederbeitr\u00e4ge (incl. Lizenzmarke*) Erwachsene :Fr. 200.- \u00a0f\u00fcrs Halbjahr oder \u00a0Fr. 360.- f\u00fcr 1 Jahr Kinder: \u00a0 \u00a0 \u00a0 \u00a0 \u00a0Fr. 170.- \u00a0f\u00fcrs Halbjahr oder Fr. 300.- \u00a0f\u00fcr 1 Jahr (*) Die Lizenzmarke ist f\u00fcr jedes Mitglied eines Clubs oder Karateschule obligatorisch.","rel":"","context":"\u00c4hnlicher Beitrag","block_context":{"text":"\u00c4hnlicher Beitrag","link":""},"img":{"alt_text":"","src":"","width":0,"height":0},"classes":[]},{"id":78,"url":"https:\/\/kc-glarus.ch\/?page_id=78","url_meta":{"origin":563,"position":5},"title":"Erfolge","author":"Gabriel Rimann","date":"Juli 22, 2012","format":false,"excerpt":"2. Swiss Karate League 2024 - Burgdorf 16.Juni 2024 2. Rang Alya Atasoy 3.Rang Nicole Zentner Lee Wyden Cup 2024 Die Platzierung der Glarner Teilnehmer: Kinderkumite Unterstufe 1. RangTura Atatsoy, Kinderkumite Oberstufe 1. Rang Nicole Zentner Kinderkumite Oberstufe 2. Rang Aileen Rimann Kinderkumite Oberstufe 3. Rang Sabrina Zentner Kumite Erwachsene\u2026","rel":"","context":"\u00c4hnlicher Beitrag","block_context":{"text":"\u00c4hnlicher Beitrag","link":""},"img":{"alt_text":"","src":"https:\/\/i0.wp.com\/kc-glarus.ch\/wp-content\/uploads\/2024\/11\/WhatsApp-Bild-2024-11-28-um-19.28.48_65e8ce55-600x800.jpg?resize=350%2C200","width":350,"height":200,"srcset":"https:\/\/i0.wp.com\/kc-glarus.ch\/wp-content\/uploads\/2024\/11\/WhatsApp-Bild-2024-11-28-um-19.28.48_65e8ce55-600x800.jpg?resize=350%2C200 1x, https:\/\/i0.wp.com\/kc-glarus.ch\/wp-content\/uploads\/2024\/11\/WhatsApp-Bild-2024-11-28-um-19.28.48_65e8ce55-600x800.jpg?resize=525%2C300 1.5x"},"classes":[]}],"_links":{"self":[{"href":"https:\/\/kc-glarus.ch\/index.php?rest_route=\/wp\/v2\/pages\/563","targetHints":{"allow":["GET"]}}],"collection":[{"href":"https:\/\/kc-glarus.ch\/index.php?rest_route=\/wp\/v2\/pages"}],"about":[{"href":"https:\/\/kc-glarus.ch\/index.php?rest_route=\/wp\/v2\/types\/page"}],"author":[{"embeddable":true,"href":"https:\/\/kc-glarus.ch\/index.php?rest_route=\/wp\/v2\/users\/3"}],"replies":[{"embeddable":true,"href":"https:\/\/kc-glarus.ch\/index.php?rest_route=%2Fwp%2Fv2%2Fcomments&post=563"}],"version-history":[{"count":5,"href":"https:\/\/kc-glarus.ch\/index.php?rest_route=\/wp\/v2\/pages\/563\/revisions"}],"predecessor-version":[{"id":579,"href":"https:\/\/kc-glarus.ch\/index.php?rest_route=\/wp\/v2\/pages\/563\/revisions\/579"}],"wp:attachment":[{"href":"https:\/\/kc-glarus.ch\/index.php?rest_route=%2Fwp%2Fv2%2Fmedia&parent=563"}],"curies":[{"name":"wp","href":"https:\/\/api.w.org\/{rel}","templated":true}]}}

<p>Ansprechpartner für Karate und Kickboxen:</p>
<p>Daniel Rimann</p>
<p>079 421 14 06</p>
<div class="wpforms-container wpforms-container-full" id="wpforms-566"><form id="wpforms-form-566" class="wpforms-validate wpforms-form" data-formid="566" method="post" enctype="multipart/form-data" action="/index.php?rest_route=%2Fwp%2Fv2%2Fpages%2F563" data-token="485964755821d7bcec2fbf69bf48253e" data-token-time="1788246595"><noscript class="wpforms-error-noscript">Bitte aktiviere JavaScript in deinem Browser, um dieses Formular fertigzustellen.</noscript><div class="wpforms-field-container"><div id="wpforms-566-field_0-container" class="wpforms-field wpforms-field-name" data-field-id="0"><label class="wpforms-field-label">Name <span class="wpforms-required-label">*</span></label><div class="wpforms-field-row wpforms-field-medium"><div class="wpforms-field-row-block wpforms-first wpforms-one-half"><input type="text" id="wpforms-566-field_0" class="wpforms-field-name-first wpforms-field-required" name="wpforms[fields][0][first]" required><label for="wpforms-566-field_0" class="wpforms-field-sublabel after">Vorname</label></div><div class="wpforms-field-row-block wpforms-one-half"><input type="text" id="wpforms-566-field_0-last" class="wpforms-field-name-last wpforms-field-required" name="wpforms[fields][0][last]" required><label for="wpforms-566-field_0-last" class="wpforms-field-sublabel after">Nachname</label></div></div></div><div id="wpforms-566-field_1-container" class="wpforms-field wpforms-field-email" data-field-id="1"><label class="wpforms-field-label" for="wpforms-566-field_1">E-Mail-Adresse <span class="wpforms-required-label">*</span></label><input type="email" id="wpforms-566-field_1" class="wpforms-field-medium wpforms-field-required" name="wpforms[fields][1]" spellcheck="false" required></div><div id="wpforms-566-field_2-container" class="wpforms-field wpforms-field-textarea" data-field-id="2"><label class="wpforms-field-label" for="wpforms-566-field_2">Kommentar oder Nachricht <span class="wpforms-required-label">*</span></label><textarea id="wpforms-566-field_2" class="wpforms-field-medium wpforms-field-required" name="wpforms[fields][2]" required></textarea></div></div><!-- .wpforms-field-container --><div class="wpforms-field wpforms-field-hp"><label for="wpforms-566-field-hp" class="wpforms-field-label">Phone</label><input type="text" name="wpforms[hp]" id="wpforms-566-field-hp" class="wpforms-field-medium"></div><div class="wpforms-submit-container" ><input type="hidden" name="wpforms[id]" value="566"><input type="hidden" name="page_title" value=""><input type="hidden" name="page_url" value="https://kc-glarus.ch/index.php?rest_route=/wp/v2/pages/563"><input type="hidden" name="url_referer" value=""><button type="submit" name="wpforms[submit]" id="wpforms-submit-566" class="wpforms-submit" data-alt-text="Sende..." data-submit-text="Senden" aria-live="assertive" value="wpforms-submit">Senden</button></div></form></div>  <!-- .wpforms-container -->

<p>Ansprechpartner für Karate und Kickboxen: Daniel Rimann 079 421 14 06</p>

<p>Ansprechpartner für Karate und Kickboxen: Daniel Rimann 079 421 14 06 Bitte aktiviere JavaScript in deinem Browser, um dieses Formular fertigzustellen.Name *VornameNachnameE-Mail-Adresse *Kommentar oder Nachricht *MessageSenden</p>

Veröffentlicht 8 Jahren vor

Veröffentlicht am August 31, 2018

Veröffentlicht am August 31, 2018 11:02 a.m.

Kickboxing Ansprechpartner für Karate und Kickboxen: Daniel Rimann 079 421 14 06 Wir bieten Dienstag und Freitag jeweils um 19.00 Trainings im Lokal der Karateschule Glarus Das Kickboxgym ist eine selbstständige Schule,  welche in den Lokalitäten des KC-Glarus eingemietet ist.

Ähnlicher Beitrag

Karate für Kids

Mitgliederbeiträge (incl. Lizenzmarke*) Erwachsene :Fr. 200.-  fürs Halbjahr oder  Fr. 360.- für 1 Jahr Kinder:          Fr. 170.-  fürs Halbjahr oder Fr. 300.-  für 1 Jahr (*) Die Lizenzmarke ist für jedes Mitglied eines Clubs oder Karateschule obligatorisch.
