{"id":16,"date":"2012-07-22T08:52:32","date_gmt":"2012-07-22T08:52:32","guid":{"rendered":"http:\/\/kc-glarus.ch\/?page_id=16"},"modified":"2020-06-05T11:16:59","modified_gmt":"2020-06-05T09:16:59","slug":"unser-trainerteam","status":"publish","type":"page","link":"https:\/\/kc-glarus.ch\/?page_id=16","title":{"rendered":"Unser Trainerteam"},"content":{"rendered":"<p style=\"text-align: center;\"><strong>Das Trainerteam<\/strong><\/p>\n<p style=\"text-align: center;\"><a href=\"http:\/\/kc-glarus.ch\/wp-content\/uploads\/2012\/07\/dani_neu.jpg\"><img loading=\"lazy\" decoding=\"async\" data-attachment-id=\"364\" data-permalink=\"https:\/\/kc-glarus.ch\/?attachment_id=364\" data-orig-file=\"https:\/\/kc-glarus.ch\/wp-content\/uploads\/2012\/07\/dani_neu.jpg\" data-orig-size=\"212,266\" data-comments-opened=\"0\" data-image-meta=\"{&quot;aperture&quot;:&quot;0&quot;,&quot;credit&quot;:&quot;&quot;,&quot;camera&quot;:&quot;&quot;,&quot;caption&quot;:&quot;&quot;,&quot;created_timestamp&quot;:&quot;0&quot;,&quot;copyright&quot;:&quot;&quot;,&quot;focal_length&quot;:&quot;0&quot;,&quot;iso&quot;:&quot;0&quot;,&quot;shutter_speed&quot;:&quot;0&quot;,&quot;title&quot;:&quot;&quot;,&quot;orientation&quot;:&quot;0&quot;}\" data-image-title=\"dani_neu\" data-image-description=\"\" data-image-caption=\"\" data-large-file=\"https:\/\/kc-glarus.ch\/wp-content\/uploads\/2012\/07\/dani_neu.jpg\" class=\"alignnone size-full wp-image-364\" src=\"http:\/\/kc-glarus.ch\/wp-content\/uploads\/2012\/07\/dani_neu.jpg\" alt=\"dani_neu\" width=\"212\" height=\"266\"><\/a><\/p>\n<p style=\"text-align: center;\">Daniel Rimann<\/p>\n<p style=\"text-align: center;\">2.Dan Kobudo,2.Dan Karate,Trainerdiplom 1 SKV,J+S Leiter ,Leiter L+S Kids<\/p>\n<p style=\"text-align: center;\"><a href=\"http:\/\/kc-glarus.ch\/wp-content\/uploads\/2012\/07\/rimann.jpg\"><img loading=\"lazy\" decoding=\"async\" data-attachment-id=\"365\" data-permalink=\"https:\/\/kc-glarus.ch\/?attachment_id=365\" data-orig-file=\"https:\/\/kc-glarus.ch\/wp-content\/uploads\/2012\/07\/rimann.jpg\" data-orig-size=\"386,536\" data-comments-opened=\"0\" data-image-meta=\"{&quot;aperture&quot;:&quot;0&quot;,&quot;credit&quot;:&quot;&quot;,&quot;camera&quot;:&quot;&quot;,&quot;caption&quot;:&quot;&quot;,&quot;created_timestamp&quot;:&quot;0&quot;,&quot;copyright&quot;:&quot;&quot;,&quot;focal_length&quot;:&quot;0&quot;,&quot;iso&quot;:&quot;0&quot;,&quot;shutter_speed&quot;:&quot;0&quot;,&quot;title&quot;:&quot;&quot;,&quot;orientation&quot;:&quot;1&quot;}\" data-image-title=\"rimann\" data-image-description=\"\" data-image-caption=\"\" data-large-file=\"https:\/\/kc-glarus.ch\/wp-content\/uploads\/2012\/07\/rimann.jpg\" class=\"alignnone  wp-image-365\" src=\"http:\/\/kc-glarus.ch\/wp-content\/uploads\/2012\/07\/rimann.jpg\" alt=\"rimann\" width=\"210\" height=\"291\" srcset=\"https:\/\/kc-glarus.ch\/wp-content\/uploads\/2012\/07\/rimann.jpg 386w, https:\/\/kc-glarus.ch\/wp-content\/uploads\/2012\/07\/rimann-216x300.jpg 216w\" sizes=\"auto, (max-width: 210px) 100vw, 210px\" \/><\/a><\/p>\n<p style=\"text-align: center;\">Rimann Gabriel<\/p>\n<p style=\"text-align: center;\">Leistungssporttrainer SKF,&nbsp; Swissolympic Trainer, J+S Experte<\/p>\n<p style=\"text-align: center;\"><a href=\"http:\/\/kc-glarus.ch\/wp-content\/uploads\/2012\/07\/andrea1.jpg\"><img loading=\"lazy\" decoding=\"async\" data-attachment-id=\"366\" data-permalink=\"https:\/\/kc-glarus.ch\/?attachment_id=366\" data-orig-file=\"https:\/\/kc-glarus.ch\/wp-content\/uploads\/2012\/07\/andrea1.jpg\" data-orig-size=\"170,209\" data-comments-opened=\"0\" data-image-meta=\"{&quot;aperture&quot;:&quot;0&quot;,&quot;credit&quot;:&quot;&quot;,&quot;camera&quot;:&quot;&quot;,&quot;caption&quot;:&quot;&quot;,&quot;created_timestamp&quot;:&quot;0&quot;,&quot;copyright&quot;:&quot;&quot;,&quot;focal_length&quot;:&quot;0&quot;,&quot;iso&quot;:&quot;0&quot;,&quot;shutter_speed&quot;:&quot;0&quot;,&quot;title&quot;:&quot;&quot;,&quot;orientation&quot;:&quot;0&quot;}\" data-image-title=\"andrea1\" data-image-description=\"\" data-image-caption=\"\" data-large-file=\"https:\/\/kc-glarus.ch\/wp-content\/uploads\/2012\/07\/andrea1.jpg\" class=\"alignnone size-full wp-image-366\" src=\"http:\/\/kc-glarus.ch\/wp-content\/uploads\/2012\/07\/andrea1.jpg\" alt=\"andrea1\" width=\"170\" height=\"209\"><\/a><\/p>\n<p style=\"text-align: center;\">Andrea Andersen-Zentner<\/p>\n<p style=\"text-align: center;\">1.Dan Karate,J+S-Leiter<\/p>\n<p>&nbsp;<\/p>\n<p>&nbsp;<\/p>\n","protected":false},"excerpt":{"rendered":"<p>Das Trainerteam Daniel Rimann 2.Dan Kobudo,2.Dan Karate,Trainerdiplom 1 SKV,J+S Leiter ,Leiter L+S Kids Rimann Gabriel Leistungssporttrainer SKF,&nbsp; Swissolympic Trainer, J+S Experte Andrea Andersen-Zentner 1.Dan Karate,J+S-Leiter &nbsp; &nbsp;<\/p>\n","protected":false},"author":3,"featured_media":0,"parent":0,"menu_order":0,"comment_status":"closed","ping_status":"closed","template":"","meta":{"_acf_changed":false,"advgb_blocks_editor_width":"","advgb_blocks_columns_visual_guide":"","ghostkit_customizer_options":"","ghostkit_custom_css":"","ghostkit_custom_js_head":"","ghostkit_custom_js_foot":"","ghostkit_typography":"","ngg_post_thumbnail":0,"footnotes":""},"class_list":["post-16","page","type-page","status-publish","hentry"],"acf":[],"featured_image_urls_v2":{"full":"","thumbnail":"","medium":"","medium_large":"","large":"","1536x1536":"","2048x2048":"","ab-block-post-grid-landscape":"","ab-block-post-grid-square":"","thumb-small":"","thumb-standard":"","thumb-medium":"","thumb-large":"","thumb-xlarge":"","thumb-xxlarge":"","thumb-large-no-crop":"","thumb-medium-no-crop":"","thumb-standard-no-crop":""},"post_excerpt_stackable_v2":"<p>Das Trainerteam Daniel Rimann 2.Dan Kobudo,2.Dan Karate,Trainerdiplom 1 SKV,J+S Leiter ,Leiter L+S Kids Rimann Gabriel Leistungssporttrainer SKF,&nbsp; Swissolympic Trainer, J+S Experte Andrea Andersen-Zentner 1.Dan Karate,J+S-Leiter &nbsp; &nbsp;<\/p>\n","category_list_v2":"","author_info_v2":{"name":"Gabriel Rimann","url":"https:\/\/kc-glarus.ch\/?author=3"},"comments_num_v2":"0 comments","featured_image_src":null,"featured_image_src_square":null,"coauthors":[],"author_meta":{"author_link":"https:\/\/kc-glarus.ch\/?author=3","display_name":"Gabriel Rimann"},"relative_dates":{"created":"Ver\u00f6ffentlicht 14\u00a0Jahren vor","modified":"Aktualisiert 6\u00a0Jahren vor"},"absolute_dates":{"created":"Ver\u00f6ffentlicht am Juli 22, 2012","modified":"Aktualisiert am Juni 5, 2020"},"absolute_dates_time":{"created":"Ver\u00f6ffentlicht am Juli 22, 2012 8:52 a.m.","modified":"Aktualisiert am Juni 5, 2020 11:16 a.m."},"featured_img_caption":"","featured_img":false,"series_order":"","jetpack_sharing_enabled":true,"jetpack_shortlink":"https:\/\/wp.me\/P76nP4-g","jetpack-related-posts":[{"id":66,"url":"https:\/\/kc-glarus.ch\/?page_id=66","url_meta":{"origin":16,"position":0},"title":"Kontakt","author":"Gabriel Rimann","date":"Juli 22, 2012","format":false,"excerpt":"[form form-1] \u00a0 Daniel Rimann Diplomtrainer","rel":"","context":"\u00c4hnlicher Beitrag","block_context":{"text":"\u00c4hnlicher Beitrag","link":""},"img":{"alt_text":"dani_neu","src":"https:\/\/i0.wp.com\/kc-glarus.ch\/wp-content\/uploads\/2012\/07\/dani_neu.jpg?resize=350%2C200","width":350,"height":200},"classes":[]},{"id":563,"url":"https:\/\/kc-glarus.ch\/?page_id=563","url_meta":{"origin":16,"position":1},"title":"Kontakt","author":"Gabriel Rimann","date":"August 31, 2018","format":false,"excerpt":"Ansprechpartner f\u00fcr Karate und Kickboxen: Daniel Rimann 079 421 14 06","rel":"","context":"\u00c4hnlicher Beitrag","block_context":{"text":"\u00c4hnlicher Beitrag","link":""},"img":{"alt_text":"","src":"","width":0,"height":0},"classes":[]},{"id":84,"url":"https:\/\/kc-glarus.ch\/?page_id=84","url_meta":{"origin":16,"position":2},"title":"Kickboxing","author":"Gabriel Rimann","date":"Juli 22, 2012","format":false,"excerpt":"Kickboxing Ansprechpartner f\u00fcr Karate und Kickboxen: Daniel Rimann 079 421 14 06 Wir bieten Dienstag und Freitag jeweils um 19.00 Trainings im Lokal der Karateschule Glarus Das Kickboxgym ist eine selbstst\u00e4ndige Schule,\u00a0 welche in den Lokalit\u00e4ten des KC-Glarus eingemietet ist. \u00a0","rel":"","context":"\u00c4hnlicher Beitrag","block_context":{"text":"\u00c4hnlicher Beitrag","link":""},"img":{"alt_text":"kickboxing","src":"https:\/\/i0.wp.com\/kc-glarus.ch\/wp-content\/uploads\/2012\/07\/kickboxing.jpg?resize=350%2C200","width":350,"height":200},"classes":[]},{"id":78,"url":"https:\/\/kc-glarus.ch\/?page_id=78","url_meta":{"origin":16,"position":3},"title":"Erfolge","author":"Gabriel Rimann","date":"Juli 22, 2012","format":false,"excerpt":"2. Swiss Karate League 2024 - Burgdorf 16.Juni 2024 2. Rang Alya Atasoy 3.Rang Nicole Zentner Lee Wyden Cup 2024 Die Platzierung der Glarner Teilnehmer: Kinderkumite Unterstufe 1. RangTura Atatsoy, Kinderkumite Oberstufe 1. Rang Nicole Zentner Kinderkumite Oberstufe 2. Rang Aileen Rimann Kinderkumite Oberstufe 3. Rang Sabrina Zentner Kumite Erwachsene\u2026","rel":"","context":"\u00c4hnlicher Beitrag","block_context":{"text":"\u00c4hnlicher Beitrag","link":""},"img":{"alt_text":"","src":"https:\/\/i0.wp.com\/kc-glarus.ch\/wp-content\/uploads\/2024\/11\/WhatsApp-Bild-2024-11-28-um-19.28.48_65e8ce55-600x800.jpg?resize=350%2C200","width":350,"height":200,"srcset":"https:\/\/i0.wp.com\/kc-glarus.ch\/wp-content\/uploads\/2024\/11\/WhatsApp-Bild-2024-11-28-um-19.28.48_65e8ce55-600x800.jpg?resize=350%2C200 1x, https:\/\/i0.wp.com\/kc-glarus.ch\/wp-content\/uploads\/2024\/11\/WhatsApp-Bild-2024-11-28-um-19.28.48_65e8ce55-600x800.jpg?resize=525%2C300 1.5x"},"classes":[]},{"id":117,"url":"https:\/\/kc-glarus.ch\/?page_id=117","url_meta":{"origin":16,"position":4},"title":"Archivbilder","author":"Gabriel Rimann","date":"Juli 22, 2012","format":false,"excerpt":"","rel":"","context":"\u00c4hnlicher Beitrag","block_context":{"text":"\u00c4hnlicher Beitrag","link":""},"img":{"alt_text":"","src":"https:\/\/i0.wp.com\/kc-glarus.ch\/wp-content\/uploads\/2018\/11\/dani-150x150.jpg?resize=350%2C200&ssl=1","width":350,"height":200},"classes":[]},{"id":251,"url":"https:\/\/kc-glarus.ch\/?page_id=251","url_meta":{"origin":16,"position":5},"title":"Home","author":"Gabriel Rimann","date":"Mai 17, 2014","format":false,"excerpt":"","rel":"","context":"\u00c4hnlicher Beitrag","block_context":{"text":"\u00c4hnlicher Beitrag","link":""},"img":{"alt_text":"","src":"","width":0,"height":0},"classes":[]}],"_links":{"self":[{"href":"https:\/\/kc-glarus.ch\/index.php?rest_route=\/wp\/v2\/pages\/16","targetHints":{"allow":["GET"]}}],"collection":[{"href":"https:\/\/kc-glarus.ch\/index.php?rest_route=\/wp\/v2\/pages"}],"about":[{"href":"https:\/\/kc-glarus.ch\/index.php?rest_route=\/wp\/v2\/types\/page"}],"author":[{"embeddable":true,"href":"https:\/\/kc-glarus.ch\/index.php?rest_route=\/wp\/v2\/users\/3"}],"replies":[{"embeddable":true,"href":"https:\/\/kc-glarus.ch\/index.php?rest_route=%2Fwp%2Fv2%2Fcomments&post=16"}],"version-history":[{"count":5,"href":"https:\/\/kc-glarus.ch\/index.php?rest_route=\/wp\/v2\/pages\/16\/revisions"}],"predecessor-version":[{"id":719,"href":"https:\/\/kc-glarus.ch\/index.php?rest_route=\/wp\/v2\/pages\/16\/revisions\/719"}],"wp:attachment":[{"href":"https:\/\/kc-glarus.ch\/index.php?rest_route=%2Fwp%2Fv2%2Fmedia&parent=16"}],"curies":[{"name":"wp","href":"https:\/\/api.w.org\/{rel}","templated":true}]}}

Veröffentlicht 14 Jahren vor

Veröffentlicht am Juli 22, 2012

Veröffentlicht am Juli 22, 2012 8:52 a.m.

Ähnlicher Beitrag

Ansprechpartner für Karate und Kickboxen: Daniel Rimann 079 421 14 06

Kickboxing Ansprechpartner für Karate und Kickboxen: Daniel Rimann 079 421 14 06 Wir bieten Dienstag und Freitag jeweils um 19.00 Trainings im Lokal der Karateschule Glarus Das Kickboxgym ist eine selbstständige Schule,  welche in den Lokalitäten des KC-Glarus eingemietet ist.
