{"id":13,"date":"2012-07-22T08:37:58","date_gmt":"2012-07-22T08:37:58","guid":{"rendered":"http:\/\/kc-glarus.ch\/?page_id=13"},"modified":"2015-03-02T08:01:02","modified_gmt":"2015-03-02T07:01:02","slug":"herzlich-willkommen-2","status":"publish","type":"page","link":"https:\/\/kc-glarus.ch\/?page_id=13","title":{"rendered":"Leistungsport"},"content":{"rendered":"<p style=\"text-align: center;\">2.Platz am &#8222;Claude Sittinger Open&#8220; \u00a0in Schwammendingen<\/p>\n<p style=\"text-align: center;\">28.Februar 2015<\/p>\n<p style=\"text-align: center;\">\u00a0\u00a0<a href=\"http:\/\/kc-glarus.ch\/wp-content\/uploads\/2012\/07\/Sonia.jpg\"><img loading=\"lazy\" decoding=\"async\" data-attachment-id=\"352\" data-permalink=\"https:\/\/kc-glarus.ch\/?attachment_id=352\" data-orig-file=\"https:\/\/kc-glarus.ch\/wp-content\/uploads\/2012\/07\/Sonia.jpg\" data-orig-size=\"2393,2524\" data-comments-opened=\"0\" data-image-meta=\"{&quot;aperture&quot;:&quot;5.6&quot;,&quot;credit&quot;:&quot;&quot;,&quot;camera&quot;:&quot;Canon EOS 600D&quot;,&quot;caption&quot;:&quot;&quot;,&quot;created_timestamp&quot;:&quot;1348919738&quot;,&quot;copyright&quot;:&quot;&quot;,&quot;focal_length&quot;:&quot;42&quot;,&quot;iso&quot;:&quot;6400&quot;,&quot;shutter_speed&quot;:&quot;0.002&quot;,&quot;title&quot;:&quot;&quot;,&quot;orientation&quot;:&quot;1&quot;}\" data-image-title=\"Sonia\" data-image-description=\"\" data-image-caption=\"\" data-large-file=\"https:\/\/kc-glarus.ch\/wp-content\/uploads\/2012\/07\/Sonia-971x1024.jpg\" class=\"alignnone size-large wp-image-352\" src=\"http:\/\/kc-glarus.ch\/wp-content\/uploads\/2012\/07\/Sonia-971x1024.jpg\" alt=\"Sonia\" width=\"474\" height=\"500\" srcset=\"https:\/\/kc-glarus.ch\/wp-content\/uploads\/2012\/07\/Sonia-971x1024.jpg 971w, https:\/\/kc-glarus.ch\/wp-content\/uploads\/2012\/07\/Sonia-284x300.jpg 284w\" sizes=\"auto, (max-width: 474px) 100vw, 474px\" \/><\/a><\/p>\n<p style=\"text-align: center;\">Sonia Maddalon<\/p>\n<p style=\"text-align: center;\">3. Schweizermeistertitel<\/p>\n<p style=\"text-align: center;\">22.November\u00a0\u00a02014<\/p>\n<p style=\"text-align: center;\">Sonia Maddalon gewinnt \u00a0das 3. Qualifikationsturnier f\u00fcr die SM.<\/p>\n<p style=\"text-align: center;\">Gold und Bronze f\u00fcr Sonia Maddalon und Selina Blumer<\/p>\n<p style=\"text-align: center;\">an den Schweizermeisterschaften 2012 in Fribourg.<\/p>\n","protected":false},"excerpt":{"rendered":"<p>2.Platz am &#8222;Claude Sittinger Open&#8220; \u00a0in Schwammendingen 28.Februar 2015 \u00a0\u00a0 Sonia Maddalon 3. Schweizermeistertitel 22.November\u00a0\u00a02014 Sonia Maddalon gewinnt \u00a0das 3. Qualifikationsturnier f\u00fcr die SM. Gold und Bronze f\u00fcr Sonia Maddalon und Selina Blumer an&#46;&#46;&#46;<\/p>\n","protected":false},"author":3,"featured_media":0,"parent":0,"menu_order":0,"comment_status":"closed","ping_status":"closed","template":"","meta":{"_acf_changed":false,"advgb_blocks_editor_width":"","advgb_blocks_columns_visual_guide":"","ghostkit_customizer_options":"","ghostkit_custom_css":"","ghostkit_custom_js_head":"","ghostkit_custom_js_foot":"","ghostkit_typography":"","ngg_post_thumbnail":0,"footnotes":""},"class_list":["post-13","page","type-page","status-publish","hentry"],"acf":[],"featured_image_urls_v2":{"full":"","thumbnail":"","medium":"","medium_large":"","large":"","1536x1536":"","2048x2048":"","ab-block-post-grid-landscape":"","ab-block-post-grid-square":"","thumb-small":"","thumb-standard":"","thumb-medium":"","thumb-large":"","thumb-xlarge":"","thumb-xxlarge":"","thumb-large-no-crop":"","thumb-medium-no-crop":"","thumb-standard-no-crop":""},"post_excerpt_stackable_v2":"<p>2.Platz am &#8222;Claude Sittinger Open&#8220; \u00a0in Schwammendingen 28.Februar 2015 \u00a0\u00a0 Sonia Maddalon 3. Schweizermeistertitel 22.November\u00a0\u00a02014 Sonia Maddalon gewinnt \u00a0das 3. Qualifikationsturnier f\u00fcr die SM. Gold und Bronze f\u00fcr Sonia Maddalon und Selina Blumer an den Schweizermeisterschaften 2012 in Fribourg.<\/p>\n","category_list_v2":"","author_info_v2":{"name":"Gabriel Rimann","url":"https:\/\/kc-glarus.ch\/?author=3"},"comments_num_v2":"0 comments","featured_image_src":null,"featured_image_src_square":null,"coauthors":[],"author_meta":{"author_link":"https:\/\/kc-glarus.ch\/?author=3","display_name":"Gabriel Rimann"},"relative_dates":{"created":"Ver\u00f6ffentlicht 14\u00a0Jahren vor","modified":"Aktualisiert 12\u00a0Jahren vor"},"absolute_dates":{"created":"Ver\u00f6ffentlicht am Juli 22, 2012","modified":"Aktualisiert am M\u00e4rz 2, 2015"},"absolute_dates_time":{"created":"Ver\u00f6ffentlicht am Juli 22, 2012 8:37 a.m.","modified":"Aktualisiert am M\u00e4rz 2, 2015 8:01 a.m."},"featured_img_caption":"","featured_img":false,"series_order":"","jetpack_sharing_enabled":true,"jetpack_shortlink":"https:\/\/wp.me\/P76nP4-d","jetpack-related-posts":[{"id":84,"url":"https:\/\/kc-glarus.ch\/?page_id=84","url_meta":{"origin":13,"position":0},"title":"Kickboxing","author":"Gabriel Rimann","date":"Juli 22, 2012","format":false,"excerpt":"Kickboxing Ansprechpartner f\u00fcr Karate und Kickboxen: Daniel Rimann 079 421 14 06 Wir bieten Dienstag und Freitag jeweils um 19.00 Trainings im Lokal der Karateschule Glarus Das Kickboxgym ist eine selbstst\u00e4ndige Schule,\u00a0 welche in den Lokalit\u00e4ten des KC-Glarus eingemietet ist. \u00a0","rel":"","context":"\u00c4hnlicher Beitrag","block_context":{"text":"\u00c4hnlicher Beitrag","link":""},"img":{"alt_text":"kickboxing","src":"https:\/\/i0.wp.com\/kc-glarus.ch\/wp-content\/uploads\/2012\/07\/kickboxing.jpg?resize=350%2C200","width":350,"height":200},"classes":[]},{"id":563,"url":"https:\/\/kc-glarus.ch\/?page_id=563","url_meta":{"origin":13,"position":1},"title":"Kontakt","author":"Gabriel Rimann","date":"August 31, 2018","format":false,"excerpt":"Ansprechpartner f\u00fcr Karate und Kickboxen: Daniel Rimann 079 421 14 06","rel":"","context":"\u00c4hnlicher Beitrag","block_context":{"text":"\u00c4hnlicher Beitrag","link":""},"img":{"alt_text":"","src":"","width":0,"height":0},"classes":[]},{"id":24,"url":"https:\/\/kc-glarus.ch\/?page_id=24","url_meta":{"origin":13,"position":2},"title":"Standort Landstrasse 41","author":"Gabriel Rimann","date":"Juli 22, 2012","format":false,"excerpt":"Landstrasse 41, 8750 Glarus Eingang beim Mehrfamilienhaus hinter dem Restaurant Raan Thai (Restaurant Alte Brauerei) vis a vis Zeughaus Glarus im 2.Untergeschoss Trainingslokal Trainings: Montag 18.00-19.00 Uhr (Grundlagentrainings f\u00fcr Anf\u00e4nger und Fortgeschrittene) Montag 19.00 - 20.30 Uhr (Kampftraing) Mittwoch 18.00 - 19. 00 Uhr (Kindertraining) <\/p> <div> <a target=\"_top\" href=\"\/\/map.search.ch\/Glarus,Landstr.41a\"\u2026","rel":"","context":"\u00c4hnlicher Beitrag","block_context":{"text":"\u00c4hnlicher Beitrag","link":""},"img":{"alt_text":"braui","src":"https:\/\/i0.wp.com\/kc-glarus.ch\/wp-content\/uploads\/2012\/07\/braui.gif?resize=350%2C200","width":350,"height":200},"classes":[]},{"id":163,"url":"https:\/\/kc-glarus.ch\/?page_id=163","url_meta":{"origin":13,"position":3},"title":"Kosten Karate","author":"Gabriel Rimann","date":"Januar 21, 2013","format":false,"excerpt":"Mitgliederbeitr\u00e4ge (incl. Lizenzmarke*) Erwachsene :Fr. 200.- \u00a0f\u00fcrs Halbjahr oder \u00a0Fr. 360.- f\u00fcr 1 Jahr Kinder: \u00a0 \u00a0 \u00a0 \u00a0 \u00a0Fr. 170.- \u00a0f\u00fcrs Halbjahr oder Fr. 300.- \u00a0f\u00fcr 1 Jahr (*) Die Lizenzmarke ist f\u00fcr jedes Mitglied eines Clubs oder Karateschule obligatorisch.","rel":"","context":"\u00c4hnlicher Beitrag","block_context":{"text":"\u00c4hnlicher Beitrag","link":""},"img":{"alt_text":"","src":"","width":0,"height":0},"classes":[]},{"id":399,"url":"https:\/\/kc-glarus.ch\/?page_id=399","url_meta":{"origin":13,"position":4},"title":"Karate f\u00fcr Kids","author":"Gabriel Rimann","date":"September 2, 2015","format":false,"excerpt":"","rel":"","context":"\u00c4hnlicher Beitrag","block_context":{"text":"\u00c4hnlicher Beitrag","link":""},"img":{"alt_text":"","src":"","width":0,"height":0},"classes":[]},{"id":78,"url":"https:\/\/kc-glarus.ch\/?page_id=78","url_meta":{"origin":13,"position":5},"title":"Erfolge","author":"Gabriel Rimann","date":"Juli 22, 2012","format":false,"excerpt":"2. Swiss Karate League 2024 - Burgdorf 16.Juni 2024 2. Rang Alya Atasoy 3.Rang Nicole Zentner Lee Wyden Cup 2024 Die Platzierung der Glarner Teilnehmer: Kinderkumite Unterstufe 1. RangTura Atatsoy, Kinderkumite Oberstufe 1. Rang Nicole Zentner Kinderkumite Oberstufe 2. Rang Aileen Rimann Kinderkumite Oberstufe 3. Rang Sabrina Zentner Kumite Erwachsene\u2026","rel":"","context":"\u00c4hnlicher Beitrag","block_context":{"text":"\u00c4hnlicher Beitrag","link":""},"img":{"alt_text":"","src":"https:\/\/i0.wp.com\/kc-glarus.ch\/wp-content\/uploads\/2024\/11\/WhatsApp-Bild-2024-11-28-um-19.28.48_65e8ce55-600x800.jpg?resize=350%2C200","width":350,"height":200,"srcset":"https:\/\/i0.wp.com\/kc-glarus.ch\/wp-content\/uploads\/2024\/11\/WhatsApp-Bild-2024-11-28-um-19.28.48_65e8ce55-600x800.jpg?resize=350%2C200 1x, https:\/\/i0.wp.com\/kc-glarus.ch\/wp-content\/uploads\/2024\/11\/WhatsApp-Bild-2024-11-28-um-19.28.48_65e8ce55-600x800.jpg?resize=525%2C300 1.5x"},"classes":[]}],"_links":{"self":[{"href":"https:\/\/kc-glarus.ch\/index.php?rest_route=\/wp\/v2\/pages\/13","targetHints":{"allow":["GET"]}}],"collection":[{"href":"https:\/\/kc-glarus.ch\/index.php?rest_route=\/wp\/v2\/pages"}],"about":[{"href":"https:\/\/kc-glarus.ch\/index.php?rest_route=\/wp\/v2\/types\/page"}],"author":[{"embeddable":true,"href":"https:\/\/kc-glarus.ch\/index.php?rest_route=\/wp\/v2\/users\/3"}],"replies":[{"embeddable":true,"href":"https:\/\/kc-glarus.ch\/index.php?rest_route=%2Fwp%2Fv2%2Fcomments&post=13"}],"version-history":[{"count":24,"href":"https:\/\/kc-glarus.ch\/index.php?rest_route=\/wp\/v2\/pages\/13\/revisions"}],"predecessor-version":[{"id":382,"href":"https:\/\/kc-glarus.ch\/index.php?rest_route=\/wp\/v2\/pages\/13\/revisions\/382"}],"wp:attachment":[{"href":"https:\/\/kc-glarus.ch\/index.php?rest_route=%2Fwp%2Fv2%2Fmedia&parent=13"}],"curies":[{"name":"wp","href":"https:\/\/api.w.org\/{rel}","templated":true}]}}

<p style="text-align: center;">2.Platz am &#8222;Claude Sittinger Open&#8220;  in Schwammendingen</p>
<p style="text-align: center;">28.Februar 2015</p>
<p style="text-align: center;">  <a href="http://kc-glarus.ch/wp-content/uploads/2012/07/Sonia.jpg"><img loading="lazy" decoding="async" data-attachment-id="352" data-permalink="https://kc-glarus.ch/?attachment_id=352" data-orig-file="https://kc-glarus.ch/wp-content/uploads/2012/07/Sonia.jpg" data-orig-size="2393,2524" data-comments-opened="0" data-image-meta="{&quot;aperture&quot;:&quot;5.6&quot;,&quot;credit&quot;:&quot;&quot;,&quot;camera&quot;:&quot;Canon EOS 600D&quot;,&quot;caption&quot;:&quot;&quot;,&quot;created_timestamp&quot;:&quot;1348919738&quot;,&quot;copyright&quot;:&quot;&quot;,&quot;focal_length&quot;:&quot;42&quot;,&quot;iso&quot;:&quot;6400&quot;,&quot;shutter_speed&quot;:&quot;0.002&quot;,&quot;title&quot;:&quot;&quot;,&quot;orientation&quot;:&quot;1&quot;}" data-image-title="Sonia" data-image-description="" data-image-caption="" data-large-file="https://kc-glarus.ch/wp-content/uploads/2012/07/Sonia-971x1024.jpg" class="alignnone size-large wp-image-352" src="http://kc-glarus.ch/wp-content/uploads/2012/07/Sonia-971x1024.jpg" alt="Sonia" width="474" height="500" srcset="https://kc-glarus.ch/wp-content/uploads/2012/07/Sonia-971x1024.jpg 971w, https://kc-glarus.ch/wp-content/uploads/2012/07/Sonia-284x300.jpg 284w" sizes="auto, (max-width: 474px) 100vw, 474px" /></a></p>
<p style="text-align: center;">Sonia Maddalon</p>
<p style="text-align: center;">3. Schweizermeistertitel</p>
<p style="text-align: center;">22.November  2014</p>
<p style="text-align: center;">Sonia Maddalon gewinnt  das 3. Qualifikationsturnier für die SM.</p>
<p style="text-align: center;">Gold und Bronze für Sonia Maddalon und Selina Blumer</p>
<p style="text-align: center;">an den Schweizermeisterschaften 2012 in Fribourg.</p>

<p>2.Platz am &#8222;Claude Sittinger Open&#8220;  in Schwammendingen 28.Februar 2015    Sonia Maddalon 3. Schweizermeistertitel 22.November  2014 Sonia Maddalon gewinnt  das 3. Qualifikationsturnier für die SM. Gold und Bronze für Sonia Maddalon und Selina Blumer an&#46;&#46;&#46;</p>

<p>2.Platz am &#8222;Claude Sittinger Open&#8220;  in Schwammendingen 28.Februar 2015    Sonia Maddalon 3. Schweizermeistertitel 22.November  2014 Sonia Maddalon gewinnt  das 3. Qualifikationsturnier für die SM. Gold und Bronze für Sonia Maddalon und Selina Blumer an den Schweizermeisterschaften 2012 in Fribourg.</p>

Veröffentlicht 14 Jahren vor

Veröffentlicht am Juli 22, 2012

Aktualisiert am März 2, 2015

Veröffentlicht am Juli 22, 2012 8:37 a.m.

Aktualisiert am März 2, 2015 8:01 a.m.

Kickboxing Ansprechpartner für Karate und Kickboxen: Daniel Rimann 079 421 14 06 Wir bieten Dienstag und Freitag jeweils um 19.00 Trainings im Lokal der Karateschule Glarus Das Kickboxgym ist eine selbstständige Schule,  welche in den Lokalitäten des KC-Glarus eingemietet ist.

Ähnlicher Beitrag

Ansprechpartner für Karate und Kickboxen: Daniel Rimann 079 421 14 06

Landstrasse 41, 8750 Glarus Eingang beim Mehrfamilienhaus hinter dem Restaurant Raan Thai (Restaurant Alte Brauerei) vis a vis Zeughaus Glarus im 2.Untergeschoss Trainingslokal Trainings: Montag 18.00-19.00 Uhr (Grundlagentrainings für Anfänger und Fortgeschrittene) Montag 19.00 - 20.30 Uhr (Kampftraing) Mittwoch 18.00 - 19. 00 Uhr (Kindertraining) </p> <div> <a target="_top" href="//map.search.ch/Glarus,Landstr.41a"…

Mitgliederbeiträge (incl. Lizenzmarke*) Erwachsene :Fr. 200.-  fürs Halbjahr oder  Fr. 360.- für 1 Jahr Kinder:          Fr. 170.-  fürs Halbjahr oder Fr. 300.-  für 1 Jahr (*) Die Lizenzmarke ist für jedes Mitglied eines Clubs oder Karateschule obligatorisch.

Karate für Kids
