{"id":127,"date":"2012-08-22T15:56:29","date_gmt":"2012-08-22T15:56:29","guid":{"rendered":"http:\/\/kc-glarus.ch\/?page_id=127"},"modified":"2024-11-28T09:19:49","modified_gmt":"2024-11-28T08:19:49","slug":"karate-lehrfilme","status":"publish","type":"page","link":"https:\/\/kc-glarus.ch\/?page_id=127","title":{"rendered":"Karate Lehrfilme"},"content":{"rendered":"<div class=\"video-container\"><span class=\"embed-youtube\" style=\"text-align:center; display: block;\"><iframe loading=\"lazy\" class=\"youtube-player\" width=\"640\" height=\"360\" src=\"https:\/\/www.youtube.com\/embed\/iwdyaaCjEuY?version=3&#038;rel=1&#038;showsearch=0&#038;showinfo=1&#038;iv_load_policy=1&#038;fs=1&#038;hl=de-DE&#038;autohide=2&#038;wmode=transparent\" allowfullscreen=\"true\" style=\"border:0;\" sandbox=\"allow-scripts allow-same-origin allow-popups allow-presentation allow-popups-to-escape-sandbox\"><\/iframe><\/span><\/div>\n","protected":false},"excerpt":{"rendered":"","protected":false},"author":3,"featured_media":0,"parent":0,"menu_order":0,"comment_status":"closed","ping_status":"closed","template":"","meta":{"_acf_changed":false,"advgb_blocks_editor_width":"","advgb_blocks_columns_visual_guide":"","ghostkit_customizer_options":"","ghostkit_custom_css":"","ghostkit_custom_js_head":"","ghostkit_custom_js_foot":"","ghostkit_typography":"","ngg_post_thumbnail":0,"footnotes":""},"class_list":["post-127","page","type-page","status-publish","hentry"],"acf":[],"featured_image_urls_v2":{"full":"","thumbnail":"","medium":"","medium_large":"","large":"","1536x1536":"","2048x2048":"","ab-block-post-grid-landscape":"","ab-block-post-grid-square":"","thumb-small":"","thumb-standard":"","thumb-medium":"","thumb-large":"","thumb-xlarge":"","thumb-xxlarge":"","thumb-large-no-crop":"","thumb-medium-no-crop":"","thumb-standard-no-crop":""},"post_excerpt_stackable_v2":"","category_list_v2":"","author_info_v2":{"name":"Gabriel Rimann","url":"https:\/\/kc-glarus.ch\/?author=3"},"comments_num_v2":"0 comments","featured_image_src":null,"featured_image_src_square":null,"coauthors":[],"author_meta":{"author_link":"https:\/\/kc-glarus.ch\/?author=3","display_name":"Gabriel Rimann"},"relative_dates":{"created":"Ver\u00f6ffentlicht 14\u00a0Jahren vor","modified":"Aktualisiert 2\u00a0Jahren vor"},"absolute_dates":{"created":"Ver\u00f6ffentlicht am August 22, 2012","modified":"Aktualisiert am November 28, 2024"},"absolute_dates_time":{"created":"Ver\u00f6ffentlicht am August 22, 2012 3:56 p.m.","modified":"Aktualisiert am November 28, 2024 9:19 a.m."},"featured_img_caption":"","featured_img":false,"series_order":"","jetpack_sharing_enabled":true,"jetpack_shortlink":"https:\/\/wp.me\/P76nP4-23","jetpack-related-posts":[{"id":399,"url":"https:\/\/kc-glarus.ch\/?page_id=399","url_meta":{"origin":127,"position":0},"title":"Karate f\u00fcr Kids","author":"Gabriel Rimann","date":"September 2, 2015","format":false,"excerpt":"","rel":"","context":"\u00c4hnlicher Beitrag","block_context":{"text":"\u00c4hnlicher Beitrag","link":""},"img":{"alt_text":"","src":"","width":0,"height":0},"classes":[]},{"id":16,"url":"https:\/\/kc-glarus.ch\/?page_id=16","url_meta":{"origin":127,"position":1},"title":"Unser Trainerteam","author":"Gabriel Rimann","date":"Juli 22, 2012","format":false,"excerpt":"Das Trainerteam Daniel Rimann 2.Dan Kobudo,2.Dan Karate,Trainerdiplom 1 SKV,J+S Leiter ,Leiter L+S Kids Rimann Gabriel Leistungssporttrainer SKF,\u00a0 Swissolympic Trainer, J+S Experte Andrea Andersen-Zentner 1.Dan Karate,J+S-Leiter \u00a0 \u00a0","rel":"","context":"\u00c4hnlicher Beitrag","block_context":{"text":"\u00c4hnlicher Beitrag","link":""},"img":{"alt_text":"dani_neu","src":"https:\/\/i0.wp.com\/kc-glarus.ch\/wp-content\/uploads\/2012\/07\/dani_neu.jpg?resize=350%2C200","width":350,"height":200},"classes":[]},{"id":563,"url":"https:\/\/kc-glarus.ch\/?page_id=563","url_meta":{"origin":127,"position":2},"title":"Kontakt","author":"Gabriel Rimann","date":"August 31, 2018","format":false,"excerpt":"Ansprechpartner f\u00fcr Karate und Kickboxen: Daniel Rimann 079 421 14 06","rel":"","context":"\u00c4hnlicher Beitrag","block_context":{"text":"\u00c4hnlicher Beitrag","link":""},"img":{"alt_text":"","src":"","width":0,"height":0},"classes":[]},{"id":163,"url":"https:\/\/kc-glarus.ch\/?page_id=163","url_meta":{"origin":127,"position":3},"title":"Kosten Karate","author":"Gabriel Rimann","date":"Januar 21, 2013","format":false,"excerpt":"Mitgliederbeitr\u00e4ge (incl. Lizenzmarke*) Erwachsene :Fr. 200.- \u00a0f\u00fcrs Halbjahr oder \u00a0Fr. 360.- f\u00fcr 1 Jahr Kinder: \u00a0 \u00a0 \u00a0 \u00a0 \u00a0Fr. 170.- \u00a0f\u00fcrs Halbjahr oder Fr. 300.- \u00a0f\u00fcr 1 Jahr (*) Die Lizenzmarke ist f\u00fcr jedes Mitglied eines Clubs oder Karateschule obligatorisch.","rel":"","context":"\u00c4hnlicher Beitrag","block_context":{"text":"\u00c4hnlicher Beitrag","link":""},"img":{"alt_text":"","src":"","width":0,"height":0},"classes":[]},{"id":84,"url":"https:\/\/kc-glarus.ch\/?page_id=84","url_meta":{"origin":127,"position":4},"title":"Kickboxing","author":"Gabriel Rimann","date":"Juli 22, 2012","format":false,"excerpt":"Kickboxing Ansprechpartner f\u00fcr Karate und Kickboxen: Daniel Rimann 079 421 14 06 Wir bieten Dienstag und Freitag jeweils um 19.00 Trainings im Lokal der Karateschule Glarus Das Kickboxgym ist eine selbstst\u00e4ndige Schule,\u00a0 welche in den Lokalit\u00e4ten des KC-Glarus eingemietet ist. \u00a0","rel":"","context":"\u00c4hnlicher Beitrag","block_context":{"text":"\u00c4hnlicher Beitrag","link":""},"img":{"alt_text":"kickboxing","src":"https:\/\/i0.wp.com\/kc-glarus.ch\/wp-content\/uploads\/2012\/07\/kickboxing.jpg?resize=350%2C200","width":350,"height":200},"classes":[]},{"id":78,"url":"https:\/\/kc-glarus.ch\/?page_id=78","url_meta":{"origin":127,"position":5},"title":"Erfolge","author":"Gabriel Rimann","date":"Juli 22, 2012","format":false,"excerpt":"2. Swiss Karate League 2024 - Burgdorf 16.Juni 2024 2. Rang Alya Atasoy 3.Rang Nicole Zentner Lee Wyden Cup 2024 Die Platzierung der Glarner Teilnehmer: Kinderkumite Unterstufe 1. RangTura Atatsoy, Kinderkumite Oberstufe 1. Rang Nicole Zentner Kinderkumite Oberstufe 2. Rang Aileen Rimann Kinderkumite Oberstufe 3. Rang Sabrina Zentner Kumite Erwachsene\u2026","rel":"","context":"\u00c4hnlicher Beitrag","block_context":{"text":"\u00c4hnlicher Beitrag","link":""},"img":{"alt_text":"","src":"https:\/\/i0.wp.com\/kc-glarus.ch\/wp-content\/uploads\/2024\/11\/WhatsApp-Bild-2024-11-28-um-19.28.48_65e8ce55-600x800.jpg?resize=350%2C200","width":350,"height":200,"srcset":"https:\/\/i0.wp.com\/kc-glarus.ch\/wp-content\/uploads\/2024\/11\/WhatsApp-Bild-2024-11-28-um-19.28.48_65e8ce55-600x800.jpg?resize=350%2C200 1x, https:\/\/i0.wp.com\/kc-glarus.ch\/wp-content\/uploads\/2024\/11\/WhatsApp-Bild-2024-11-28-um-19.28.48_65e8ce55-600x800.jpg?resize=525%2C300 1.5x"},"classes":[]}],"_links":{"self":[{"href":"https:\/\/kc-glarus.ch\/index.php?rest_route=\/wp\/v2\/pages\/127","targetHints":{"allow":["GET"]}}],"collection":[{"href":"https:\/\/kc-glarus.ch\/index.php?rest_route=\/wp\/v2\/pages"}],"about":[{"href":"https:\/\/kc-glarus.ch\/index.php?rest_route=\/wp\/v2\/types\/page"}],"author":[{"embeddable":true,"href":"https:\/\/kc-glarus.ch\/index.php?rest_route=\/wp\/v2\/users\/3"}],"replies":[{"embeddable":true,"href":"https:\/\/kc-glarus.ch\/index.php?rest_route=%2Fwp%2Fv2%2Fcomments&post=127"}],"version-history":[{"count":17,"href":"https:\/\/kc-glarus.ch\/index.php?rest_route=\/wp\/v2\/pages\/127\/revisions"}],"predecessor-version":[{"id":918,"href":"https:\/\/kc-glarus.ch\/index.php?rest_route=\/wp\/v2\/pages\/127\/revisions\/918"}],"wp:attachment":[{"href":"https:\/\/kc-glarus.ch\/index.php?rest_route=%2Fwp%2Fv2%2Fmedia&parent=127"}],"curies":[{"name":"wp","href":"https:\/\/api.w.org\/{rel}","templated":true}]}}

Veröffentlicht 14 Jahren vor

Veröffentlicht am August 22, 2012

Veröffentlicht am August 22, 2012 3:56 p.m.

Karate für Kids

Ähnlicher Beitrag

Ansprechpartner für Karate und Kickboxen: Daniel Rimann 079 421 14 06

Mitgliederbeiträge (incl. Lizenzmarke*) Erwachsene :Fr. 200.-  fürs Halbjahr oder  Fr. 360.- für 1 Jahr Kinder:          Fr. 170.-  fürs Halbjahr oder Fr. 300.-  für 1 Jahr (*) Die Lizenzmarke ist für jedes Mitglied eines Clubs oder Karateschule obligatorisch.

Kickboxing Ansprechpartner für Karate und Kickboxen: Daniel Rimann 079 421 14 06 Wir bieten Dienstag und Freitag jeweils um 19.00 Trainings im Lokal der Karateschule Glarus Das Kickboxgym ist eine selbstständige Schule,  welche in den Lokalitäten des KC-Glarus eingemietet ist.
